ommon divisor of 98 and h?
14
Suppose 6*l - 1 = 29. Suppose -c = l*c - 126. Calculate the greatest common factor of c and 231.
21
Let w(l) = 112*l - 188. Let d be w(2). What is the highest common divisor of 81 and d?
9
Suppose 0 = -2*v + 6*v - 64. Let b = 21 - v. Suppose 2*a - 35 = -b*w, 40 = 3*w - 5*a - 12. What is the greatest common factor of w and 27?
9
Suppose 4*r + 4*v = 6*r - 24, 0 = -3*r - 4*v + 16. Let h = 42 + -42. Suppose -2*n + 0*n + 6 = h, -5*n = -3*t + 9. What is the highest common factor of t and r?
8
Let x = -41 + 110. Suppose -4*g + 129 = -239. Let m be ((-15)/(-30))/(1/g). What is the highest common factor of x and m?
23
Suppose 0 = -3*x + 4*b - 1, 4*x - 3*x + 5*b = -13. Let y be x - (-9)/3 - -7. Suppose -84 = -34*n + 28*n. Calculate the greatest common factor of n and y.
7
Let t be (-8561)/(-49) + (-2)/(-7). Suppose w - 13 = -3*q, -3*w - 41*q + 39*q = -67. What is the greatest common divisor of w and t?
25
Let b = 515 + -493. Let v = 2 - 0. Calculate the highest common factor of b and v.
2
Suppose -5*o + 18 + 12 = 0. Suppose o*w - 3*w - 90 = 0. Calculate the highest common divisor of 6 and w.
6
Suppose 0 = -0*x - 2*x. Let p be -5*(4 + x - 7). Calculate the highest common factor of p and 60.
15
Suppose -6*w = -44 - 10. Suppose -4*y + 30 = 2. Let z = y - -2. Calculate the highest common factor of z and w.
9
Let o be (16/(-32))/(1/(-6)). Let w be (-4 + 88)/(o/2). Calculate the highest common factor of 8 and w.
8
Let v(o) = 3*o**2 + 13*o - 66. Let i be v(4). Calculate the highest common divisor of i and 578.
34
Suppose 2*a - 28 = -4*c, -2*a + 35 = 2*a + c. Let l(b) = b + 9. Let h be l(a). What is the greatest common divisor of h and 51?
17
Let v(x) = -4*x**2 + 35*x + 4. Let t be v(6). Calculate the greatest common factor of 105 and t.
35
Suppose -9*m + 3*m = -18. Suppose 0 = -i - 4*w + 22, -w = i - 22 + m. Let b = -13 + i. Calculate the highest common factor of b and 25.
5
Let p be (-82)/(-18) - ((-1738)/(-99) + -18). What is the greatest common divisor of 25 and p?
5
Let k(s) = -s - 10. Let y be k(-5). Let f be 242/(-33)*(-2 - (-1 - y)). Calculate the highest common divisor of f and 4.
4
Let h(i) = -121*i - 2. Let a(z) = 243*z + 5. Let n(b) = 3*a(b) + 7*h(b). Let s be n(-1). Calculate the greatest common divisor of 17 and s.
17
Suppose -36 = 37*x - 221. Calculate the greatest common divisor of x and 80.
5
Let g = -72 - -106. Suppose 4*x + 63 = 5*f - 3732, 0 = 5*x + 25. Let w = f - 483. What is the greatest common factor of w and g?
34
Let o(j) = -j**2 - 36*j + 5. Let q be o(-35). What is the greatest common factor of q and 120?
40
Let l = 215 - -52. Calculate the highest common factor of l and 178.
89
Let a(t) = 9*t + 309. Let u be a(-13). Calculate the greatest common divisor of u and 48.
48
Let j(g) = g**2 + 4*g + 15. Let a be j(-10). What is the highest common divisor of 1425 and a?
75
Suppose -3*k - 3 = -6. Let a(d) = 30*d**2 - d + 1. Let s be a(k). Suppose -97*o = -86*o - 2310. What is the greatest common divisor of o and s?
30
Let l be 208 + ((-14)/28 - (-2)/4). What is the greatest common factor of 156 and l?
52
Let r be 8*(-1)/((-3)/12). Suppose 11 - r = -a. Calculate the greatest common factor of a and 6.
3
Let g = 16 - 10. Suppose 5*b - g = -1, 3*b = -o + 12. Calculate the highest common factor of o and 99.
9
Suppose -3*o + 29 = 4*a, 2*o - o + 3*a - 13 = 0. Calculate the highest common divisor of o and 14.
7
Let k be (-2)/(-3)*24*1. Suppose -7*d = -598 + 38. Suppose 0 = -0*b + b - d. Calculate the greatest common divisor of b and k.
16
Let c = 2 + 6. Suppose -4*l + c = -6*l. Let a be 10*l/40*-8. Calculate the greatest common factor of 16 and a.
8
Suppose 5*t = 10*t - 345. Let u be -508 - -1 - (-6)/(-2). Let o be 6/(-33) + u/(-22). Calculate the greatest common divisor of o and t.
23
Let f = 40 + 72. Calculate the greatest common factor of f and 16.
16
Let k be (-1 + 1)/(-1) + (-40 - -43). Suppose -k*g - 7*l + 5*l + 291 = 0, 0 = 3*g - 2*l - 279. What is the highest common factor of 38 and g?
19
Let h = 50 + -42. Let c be h*(2/3 - 22/(-12)). Calculate the greatest common divisor of c and 8.
4
Suppose -2*m - 588 = -14*m. Let o = 67 - m. Calculate the greatest common divisor of o and 9.
9
Let j = -8 + 13. Let p = j + 0. Let n(x) = 2*x**2 - 5*x - 3. Let u be n(p). Calculate the highest common divisor of 33 and u.
11
Suppose 0 = 4*z + 16, -2*x + 149 + 323 = -z. Calculate the highest common divisor of x and 52.
26
Let f = 195 + 2130. Calculate the highest common divisor of f and 75.
75
Suppose 6*f - 60 = -0*f. Suppose -3*y = 5*b - f, 0*b = -b + 5*y + 2. What is the greatest common factor of 16 and b?
2
Let s = 4 - -7. Suppose 110 = -6*i + s*i. Calculate the greatest common factor of i and 176.
22
Suppose -5*m = -203 - 512. Calculate the highest common divisor of m and 22.
11
Let z = -4 - -8. Let o(y) = -y**3 + 6*y**2 - 4*y + 2. Let l be o(z). Let t be (42/(-12))/(1/(-36)). What is the greatest common divisor of l and t?
18
Let k = 407 - 368. Calculate the highest common factor of 312 and k.
39
Let a = -217 + 888. What is the greatest common factor of 11 and a?
11
Let g(x) = 13*x**3 + 8*x - 7. Let u be g(1). What is the highest common factor of u and 2?
2
Suppose t - 155 = -4*a, t = 5*t + 3*a - 672. What is the highest common divisor of 114 and t?
57
Let l = -12 + 24. Suppose r + 4*z = l, 0 = 5*r - 2*z - 67 - 103. Calculate the highest common factor of r and 224.
32
Let o be (-3 + 21/5)/((-3)/(-25)). Calculate the highest common factor of 30 and o.
10
Suppose z = 4*d - 207, d + 106 = 3*d + 2*z. Suppose -7*g + 2*g = -65. Calculate the highest common factor of g and d.
13
Let j(w) = -w**3 + 13*w**2 - 24*w + 40. Let n be j(11). Calculate the highest common divisor of n and 366.
6
Let v be 4 + 6 + -3 + 1808. What is the greatest common factor of 33 and v?
33
Suppose -3*k + 3*i = 2*k - 50, k = -4*i + 33. Suppose 3*p = -0*p + 78. Calculate the highest common factor of p and k.
13
Let r(p) = p. Let v(z) = 24*z + 10. Let l(d) = 44*r(d) - 2*v(d). Let m be l(-11). What is the highest common divisor of 18 and m?
6
Let j = -3 - 5. Let r be 21/(-5) - j/(-10). Let b = r + 25. What is the greatest common factor of 80 and b?
20
Let i(u) = -4*u - 4. Let z be i(-1). Suppose 0 = 4*m - z*m + 4*p - 24, 4*p = 8. Calculate the greatest common factor of 12 and m.
4
Suppose 16*b - 6119 = 6553. What is the highest common divisor of b and 72?
72
Let k be -16*(0 - 3/(-4)*-1). Calculate the greatest common divisor of k and 4.
4
Let r be (-8384)/(-8) + (3 - -2). Suppose 0 = 8*t + t - r. Calculate the highest common factor of t and 13.
13
Suppose -1200 = 192*l - 217*l. Calculate the highest common divisor of 3 and l.
3
Suppose -23 + 8 = -3*m. Suppose t + m*u + 71 = 2*t, -5*t = 5*u - 265. Calculate the greatest common factor of 14 and t.
14
Let a be 2*4 + (-10)/((-20)/4). Let r be (8/a)/(38/665). What is the greatest common factor of r and 14?
14
Suppose 4*y - 734 = 670. Calculate the greatest common divisor of 13 and y.
13
Let s be (-2)/7 - (-288)/28. Suppose 0*x - 6 = -x - l, 0 = 5*x - 3*l + s. Let d be 1 + 8 + 0 + x. Calculate the greatest common divisor of d and 10.
10
Suppose 4*b = 358 + 282. Suppose -4*z + b = -4*a, 2*a + a = -3*z + 120. Calculate the greatest common factor of 320 and z.
40
Suppose -4 = -2*z - 2. Let w be 22/(-18) + 1 + (-720)/(-324). Suppose -f - m + w = 0, 3*m = -4*f - 3 + 10. What is the highest common divisor of f and z?
1
Suppose -5*f + 660 = 4*b - 102, 164 = f - 5*b. Calculate the highest common divisor of 28 and f.
14
Let j(d) be the third derivative of -d**6/120 - 7*d**5/60 - d**4/2 - 7*d**3/6 - 2*d**2 - 27. Let o be j(-6). Calculate the highest common factor of 203 and o.
29
Let p be 3/(-6)*-28 + 4. Let q = 25 - p. What is the highest common factor of 35 and q?
7
Let k(i) = -i**3 + 17*i**2 - 13*i - 24. Let l be k(16). Suppose -7*z + 4*z + 216 = 0. Calculate the highest common factor of l and z.
24
Suppose 0 = -11*g + 1151 + 1632. Let z be 67/3 + (-2)/(-3). What is the highest common factor of z and g?
23
Let a be (-154)/8 - (-1)/4. Let u(s) = s**2 + 16*s - 37. Let q be u(a). Calculate the greatest common divisor of 60 and q.
20
Let n be (-3002)/(-8) + (-8)/32. Calculate the highest common divisor of 15 and n.
15
Suppose 